
Let a(d) = 41*d**2 - 3. What is the hundreds digit of a(-2)?
1
Let h(c) = 12*c**2 + 6*c - 10. What is the hundreds digit of h(6)?
4
Let t = -61 - -57. What is the units digit of 18/t*(-276)/18?
9
Let c = -118 + 1365. What is the thousands digit of c?
1
Let z(y) = 3*y - 57. Let k be z(18). What is the tens digit of k/12*2*(-392)/2?
9
Let l = -1790 + 5558. What is the tens digit of l?
6
Suppose 6*k = 11*k - 1470. Suppose 108 = -3*p + k. What is the tens digit of p?
6
Suppose b - 3411 = -5*z, 4*b - 2*z = 8337 + 5285. What is the thousands digit of b?
3
Let x = -5 - -8. Let a = -21 - -36. Suppose x*y = 2*y + a. What is the tens digit of y?
1
Let i(m) = -246 - 10*m + 2*m**2 + 253 - 3*m**2. Suppose 0 = 3*k + 9 + 12. What is the tens digit of i(k)?
2
Let h(s) = -4*s + 7. Suppose -11 = -3*g - 80. What is the units digit of h(g)?
9
Suppose 8*b + 37*b - 228330 = 0. What is the thousands digit of b?
5
Suppose -36 - 108 = -4*g. Let x = g + -24. What is the units digit of x?
2
Suppose -5*q + 10*q = 2*d + 18, 0 = -2*q - 2*d + 10. Suppose -2*h = 3*a + 3, -5*a - 9 = -4*h - 4. Suppose -y + 14 - q = h. What is the units digit of y?
0
Let t = 1382 + -947. What is the hundreds digit of t?
4
Suppose 0 = 6*y - 439 - 143. Let a = -43 + y. What is the tens digit of a?
5
Suppose k + 4*b + 2 = -16, 0 = -4*k + 3*b + 23. Suppose 0 = -k*i + 5*i. What is the units digit of (4/8 - i)*30?
5
Suppose -f + 552 = -5*y, 2*f = y + 106 + 8. Let o be (3 + 0)*y/(-6). What is the units digit of (o - (0 + -1)) + 3?
9
Let p(g) = 10*g**2 - 10*g - 31. Let r be p(-7). Suppose -173 = 2*d - 3*d - 4*k, 3*d + 2*k - r = 0. What is the tens digit of d?
7
Suppose 2*b = 52 - 40. Let p(u) = 3*u**2 + u + 11. What is the units digit of p(b)?
5
Let z = 3438 + -2102. What is the units digit of z?
6
Let v(x) = -2 + 1 + 4*x + 5 + x**2 + x. Let d be v(-5). Suppose -4*j + 39 = c + 13, 5*c + d*j = 146. What is the tens digit of c?
3
Let g(c) = 18*c - 54. Let k be g(6). Suppose -45*f + k = -44*f. What is the tens digit of f?
5
Suppose -4*q = q - 3*v - 130, 0 = -q + 3*v + 26. Suppose 2*k - 55 = 3*j + 7, -5*j - 4*k - 74 = 0. Let s = j + q. What is the units digit of s?
8
Let g(u) = -307 + 6*u + 3*u**2 + 323 - 2*u**2. What is the units digit of g(-9)?
3
What is the units digit of ((-8032)/(-12) - -4)/(16/24)?
0
Let z = 106 + -60. Let u be 6*(-2 - (-10)/(-4)). Let t = z + u. What is the tens digit of t?
1
Suppose 2 + 8 = k - 3*q, 0 = -4*k + 3*q + 4. What is the tens digit of ((-54)/90)/(k/410)?
2
Let q = -901 - -468. Let m = q - -640. What is the units digit of m?
7
Let p = 605 - 167. What is the units digit of p?
8
Let f(q) = 387*q + 19. Let i be f(9). What is the tens digit of i/85 + 4/5?
4
Suppose -271 = -k + 5*c + 151, -5*c + 1588 = 4*k. Let a = k + -178. What is the units digit of a?
4
Let w = -644 + 1516. What is the tens digit of w?
7
Let d(z) = 130*z**2. Let v be d(-1). Let x = v + -15. Let h = x + -81. What is the units digit of h?
4
Let y = 1203 + -563. What is the hundreds digit of y?
6
Let d be -4*(2 + -4 - 6). Let k = 184 - 96. Suppose -k = -5*h + d. What is the tens digit of h?
2
Suppose -20*f = -21*f. What is the units digit of 3/(-12)*(-4 - f)?
1
Suppose 0 = 2*u + v + 108, -2*v - 4 = -0*v. Let z(i) = -2*i**2 + 7*i. Let g be z(6). Let b = g - u. What is the tens digit of b?
2
What is the tens digit of (44208/21)/3 + (-34)/(-119)?
0
Suppose 2055 = 3*y + 3*q, 21 = -5*y + 5*q + 3426. What is the tens digit of y?
8
Let m be 1/(4 + (-21)/5). Let y be -1 + (m - 4/(-2)). What is the tens digit of (y - (-3 + 0))*-50?
5
Let b(q) = 2*q - 16. Let a be b(10). Suppose 190 = a*z - 198. What is the units digit of z?
7
Let h(i) = -6*i**2 - i + i**2 + 33 + 7 + 6*i**2. What is the tens digit of h(0)?
4
Suppose 31*z + 204 = 28*z. Let q be (-1)/(z/(-16) + -4). Let u(v) = v**3 + 6*v**2 + 5*v + 6. What is the tens digit of u(q)?
1
Let p = 94 + -90. Suppose 9*x - 315 = 5*x - a, -2*a = -p*x + 306. What is the units digit of x?
8
Suppose -10 - 1 = -11*z. Let k = 1 + 5. Let o = k + z. What is the units digit of o?
7
Let p = 33 + -66. Let u = -28 - p. Suppose -u*n - 4*b = -238, n - 5 - 51 = -5*b. What is the units digit of n?
6
Suppose 0 = 155*q - 153*q - 538. What is the units digit of q?
9
Let c(p) = p**2 - 3*p - 1. Let r be c(3). Let y be (r - 1)*207/(-3). Suppose 2*g + 2*j - y = 0, g - 2*j + 5*j - 73 = 0. What is the tens digit of g?
6
Suppose 10 - 43 = -3*f. Let r = -12 + f. What is the tens digit of r/(2/(-78)) + -3?
3
Suppose 30 = -24*t + 19*t. Let k(w) = w**2 + 5*w - 2. Let q be k(t). Suppose -9 = 2*x - 5*c - 44, -q*c - 16 = -x. What is the tens digit of x?
2
Let q = 328 + -131. What is the units digit of q?
7
Let n = -924 + 1642. Suppose -2*d + p = -451, 2*d - 3*p = n - 261. What is the tens digit of d?
2
Suppose -4*j = 5*a - 6101, 0*j + 5*a + 6131 = 4*j. What is the thousands digit of j?
1
Suppose 4*k + 5*z + 759 = 14428, 5*k + 2*z - 17099 = 0. What is the tens digit of k?
2
What is the thousands digit of 17530/15 + 14/(-21)?
1
Let d = 522 - -33. What is the hundreds digit of d?
5
Suppose -12991 = -125*w + 114*w. What is the thousands digit of w?
1
Let d = 3133 - 1371. What is the thousands digit of d?
1
Let p(u) = u**3 - 17*u**2 - 15*u - 26. What is the units digit of p(18)?
8
Suppose 3*d = 4*d - 3*l + 9, -l = 3*d - 13. Suppose 4*z + 4*j = -4, 4*z + 3*j = d*z - 11. Suppose z = -a, -4*c + 2*a + 4 = -44. What is the units digit of c?
0
Suppose -3*h + 2 = -1. Let c be h*(-3 - -1 - -4). Suppose -59 = -4*j - 5*v, c*j - j - 18 = 2*v. What is the tens digit of j?
1
Suppose 5*q = 2*w - 24 - 12, 0 = -4*w + q + 54. Suppose 10*c + 165 = w*c. What is the tens digit of c?
5
Let y be -1 + (-3 - 4*-9). Suppose 3*a - 9 = a + 5*q, 0 = a + 3*q - y. What is the units digit of a?
7
Let p(n) = 5*n**2 + 101*n - 18. What is the units digit of p(12)?
4
Let a(d) = d**3 - 8*d**2 - 7*d - 11. Let c be a(9). Let h(s) = 5*s + 10. Let g be h(c). Suppose l - g = -19. What is the tens digit of l?
2
Suppose -5*p - 9553 = -4*g, -2*g + 5909 = -4*p + 1125. What is the thousands digit of g?
2
Suppose 11*z - 15 = 18. Let b = 128 + -81. Suppose z*t - b - 16 = 0. What is the tens digit of t?
2
Suppose 4981 = 4*d - 5*f, 4*d - 1264 = 3*d - 5*f. What is the hundreds digit of d?
2
What is the hundreds digit of (-3)/5 + ((-668239)/(-55))/13?
9
Let i(y) = -2*y**3 - 6*y**2 + 5*y - 5. Let f be i(-5). Let l = f - 20. What is the units digit of l?
0
Let h = -250 - -439. Let z = h - 136. What is the units digit of z?
3
Suppose 0 = -2*a + 2*k + 1950, -9*k = a - 4*k - 957. What is the hundreds digit of a?
9
Let o(g) be the second derivative of -g**4/6 - 25*g**3/6 + 7*g**2/2 - 11*g. What is the tens digit of o(-6)?
8
Suppose 0 = 5*h - 0*h + 2*h. Suppose h = 2*l - a - 274, 0 = 2*l - 5*a - 112 - 178. What is the units digit of l?
5
Let d(x) = -15*x**3 - 2*x**2 - 3*x - 1. Let m(s) = s - 9. Let r be m(8). What is the tens digit of d(r)?
1
Suppose -1127 = -11*a + 3218. What is the tens digit of a?
9
Let l be ((-2)/1 - -3)/((-4)/(-644)). Suppose -g + c + l = -c, -g + 5*c = -167. What is the hundreds digit of g?
1
Let i(z) be the second derivative of 99*z**5/20 - z**4/12 + z**3/6 - z**2/2 + 23*z. What is the units digit of i(1)?
8
Let m = 14 + -25. Let k = 16 + m. Suppose k*d - 233 = 2*c, -3*d - 2*c - 3*c + 146 = 0. What is the tens digit of d?
4
Let p(w) = -w**3 + 21*w**2 - 24*w - 43. What is the hundreds digit of p(19)?
2
Let i(m) = -3*m + 8. Let n(o) = -13*o + 0 + 11 + 21. Let d(a) = -18*i(a) + 4*n(a). What is the units digit of d(12)?
8
Let s be ((-10)/25)/(1262/(-630) + 2). Suppose -471 = -5*x - s. What is the tens digit of x?
6
Let o(g) = 81*g - 16. Let h(b) = 16*b - 3. Let f(y) = 11*h(y) - 2*o(y). Let t be f(1). What is the tens digit of (t - 2)/((-5)/(-10))?
2
Let o = 236 + -101. What is the tens digit of o?
3
Let l(x) = -x**3 + 7*x**2 + 10*x - 14. Let y be l(8). Let c(i) = 6*i**3 - i - 2. What is the units digit of c(y)?
4
Let t = -8 - -13. Suppose -t*w + 1 = -4*w. Let f = 9 + w. What is the tens digit of f?
1
Suppose 0 = -k + 3*k + 8, n - 1518 = -4*k. Suppose -n = -9*a - 454. What is the hundreds digit of a?
1
Let j be (3/5)/(1/45). Suppose 63 = -f - j. What is the tens digit of f/75*(-70)/6?
1
Let y be -6*2/(-12) + 1 + -108. Let c = 149 + y. What is the uni